 16, what is -11 + 162c0?
162af
In base 4, what is 101 - -3103222?
3103323
In base 2, what is 101 - -100011100100011?
100011100101000
In base 2, what is -101100 - -1110110010?
1110000110
In base 12, what is -b2 + 318?
226
In base 4, what is 10 + -222312220?
-222312210
In base 10, what is 5684 - -526?
6210
In base 5, what is 14 - -3213233?
3213302
In base 9, what is -4 - 152143?
-152147
In base 4, what is 2 + 23011021?
23011023
In base 8, what is 172 - -72?
264
In base 4, what is -200333 - -321?
-200012
In base 11, what is 3 - -7a678?
7a680
In base 9, what is -352 - 11767?
-12230
In base 15, what is 12a - -257?
382
In base 8, what is 237600 - -4?
237604
In base 10, what is 6092 - -5?
6097
In base 5, what is 11 + -3204010?
-3203444
In base 11, what is -1 - 1689?
-168a
In base 2, what is 110 + -101111010111110?
-101111010111000
In base 3, what is -11 - -2212111112?
2212111101
In base 15, what is 5de + 48?
637
In base 3, what is -2121 + -100221200?
-101001021
In base 15, what is -3 - -396b?
3968
In base 15, what is 10a06 - 1?
10a05
In base 16, what is 1a6 + -120?
86
In base 16, what is 0 - 6a7ae?
-6a7ae
In base 10, what is 4 + 3935?
3939
In base 6, what is 32 - -2033?
2105
In base 15, what is 1a75 + -29?
1a4b
In base 2, what is 10001 - -10000110001101?
10000110011110
In base 3, what is 101121111222 - 0?
101121111222
In base 14, what is -1d + 418?
3d9
In base 7, what is -43065043 - -4?
-43065036
In base 16, what is 4b1 + -9?
4a8
In base 6, what is -1 + 524503?
524502
In base 10, what is -459 - 917?
-1376
In base 2, what is -100101101011100001001 - -10?
-100101101011100000111
In base 4, what is -1103213231 - 3?
-1103213300
In base 16, what is 2 - 10e8b?
-10e89
In base 3, what is -10 - -1010022120121?
1010022120111
In base 12, what is 1b8374 + -5?
1b836b
In base 4, what is 0 + 13112230?
13112230
In base 6, what is 2214 + -220?
1554
In base 10, what is -3 + 69500?
69497
In base 3, what is 101 + -10012122012?
-10012121211
In base 14, what is 39518 - -1d?
39537
In base 7, what is 26533 - -45?
26611
In base 13, what is 5 - 281ab?
-281a6
In base 6, what is 2441013 - 1?
2441012
In base 7, what is -25 + -300162?
-300220
In base 2, what is -100011011001100 - 11?
-100011011001111
In base 10, what is -49304 + 3?
-49301
In base 6, what is -1200113 + -4?
-1200121
In base 5, what is 0 - -140213334?
140213334
In base 3, what is 102212010 - 12201?
102122102
In base 12, what is 23649 + -4?
23645
In base 13, what is -2a - -7a?
50
In base 5, what is 1004 + -13210?
-12201
In base 4, what is 2100331 + 22?
2101013
In base 2, what is 1001011111010101010 + 101?
1001011111010101111
In base 15, what is 2925 - -1?
2926
In base 8, what is -122236 + -4?
-122242
In base 6, what is 430 - 343?
43
In base 13, what is 332ab + 0?
332ab
In base 7, what is 3 - -40053?
40056
In base 8, what is 5711 - -13?
5724
In base 10, what is 6 - 11986?
-11980
In base 7, what is -1663 + 1263?
-400
In base 13, what is -192 + -5a8?
-76a
In base 7, what is 0 - -3662101?
3662101
In base 3, what is 1011201101 - 100200?
1011100201
In base 6, what is 10 - 11401110?
-11401100
In base 13, what is 26 - 1434?
-140b
In base 12, what is -144 + -9b?
-223
In base 8, what is -6 + -31241?
-31247
In base 10, what is 0 + 14094?
14094
In base 5, what is -2 - -134042420?
134042413
In base 16, what is -5 - -2f77d?
2f778
In base 7, what is 206564 + 3?
206600
In base 3, what is -1101211 - -1012?
-1100122
In base 10, what is -3 + -138311?
-138314
In base 10, what is 568 + 139?
707
In base 3, what is -1100 - 111012122?
-111020222
In base 16, what is -6f0a + 4?
-6f06
In base 16, what is 69 - -d03?
d6c
In base 13, what is -ab16 - -2?
-ab14
In base 2, what is 1 - 10100110011111100010?
-10100110011111100001
In base 6, what is 3403 + -1?
3402
In base 15, what is 6 + 337e7?
337ed
In base 12, what is -25 + 2154?
212b
In base 4, what is -122332013 - -2?
-122332011
In base 12, what is 4 - 6b51b?
-6b517
In base 9, what is 1327886 + 8?
1328005
In base 3, what is 1210001221 + 2111?
1210011102
In base 12, what is -67a93 + -3?
-67a96
In base 6, what is -32 - -13425?
13353
In base 2, what is -11000001100110110000 + 11?
-11000001100110101101
In base 12, what is 1a - 418?
-3ba
In base 2, what is -1 + 110110101101?
110110101100
In base 2, what is -10 - 10010000001110001?
-10010000001110011
In base 12, what is -71 - -387?
316
In base 2, what is 1001111 + 111011110100?
111101000011
In base 3, what is -20 - -12002002120?
12002002100
In base 13, what is -2 - 11a236?
-11a238
In base 16, what is -177f0 - -4?
-177ec
In base 5, what is 210 + 3222?
3432
In base 10, what is 16647 - 32?
16615
In base 14, what is 3 + -233a?
-2337
In base 7, what is 3254216 + 11?
3254230
In base 13, what is -109 - -3a7?
29b
In base 6, what is -3 + 50302?
50255
In base 15, what is -7d59d + -1?
-7d59e
In base 15, what is a7 + a?
b2
In base 3, what is -11102121222 + -210?
-11102122202
In base 2, what is -11111001110 - -1001100010?
-10101101100
In base 15, what is -1d6e + -12?
-1d81
In base 4, what is -113110 - 232?
-120002
In base 12, what is -28 + -16?
-42
In base 4, what is 10 + -3320000?
-3313330
In base 5, what is 1130 - -2?
1132
In base 12, what is -6 - 8b09?
-8b13
In base 12, what is 10109 + 5?
10112
In base 2, what is 100010 + 111101011?
1000001101
In base 11, what is 1a8 + 463?
660
In base 3, what is -20112010001 + -20?
-20112010021
In base 3, what is 1 - -120011000?
120011001
In base 2, what is 1111 - 10100101100101110?
-10100101100011111
In base 2, what is -100101101000001001 - 1?
-100101101000001010
In base 2, what is 111101111111111100 - 101?
111101111111110111
In base 10, what is 2026 - 31?
1995
In base 5, what is -34102 + 13?
-34034
In base 13, what is -11574 - 6?
-1157a
In base 15, what is -d - -bb1?
ba3
In base 16, what is 41 - 41b5?
-4174
In base 13, what is 350 + 525?
875
In base 5, what is 20130303 + -42?
20130211
In base 10, what is -224262 - 2?
-224264
In base 14, what is -48 - -4960?
4916
In base 14, what is d + a09?
a18
In base 14, what is -36 + 738?
702
In base 7, what is 211 - 50054?
-46543
In base 9, what is -6580 + 0?
-6580
In base 10, what is -1 - -125511?
125510
In base 16, what is 6 - -13d7b?
13d81
In base 9, what is 3 + 6738?
6742
In base 6, what is 1010344 + -3?
1010341
In base 15, what is 51a00 - -5?
51a05
In base 8, what is 327356 - -4?
327362
In base 9, what is 51705 - -10?
51715
In base 6, what is -1234051 + 3?
-1234044
In base 11, what is -205aa9 - 3?
-206001
In base 10, what is -14160 - -20?
-14140
In base 13, what is -687 + -7?
-691
In base 16, what is 7cb8 - 0?
7cb8
In base 12, what is 5 - 3385?
-3380
In base 12, what is -162411 + b?
-162402
In base 2, what is -11110000011000 + -1010?
-11110000100010
In base 6, what is 25 + -33411?
-33342
In base 5, what is -430233 + -122?
-430410
In base 6, what is 3534 - -1013?
4551
In base 2, what is -1111100000101001 + 101?
-1111100000100100
In base 11, what is -5902 + 0?
-5902
In base 16, what is 2c + 895?
8c1
In base 8, what is -12350554 - 0?
-12350554
In base 9, what is -72 + 33427?
33345
In base 5, what is -2420402 + -1301?
-2422203
In base 9, what is -15653 - 1?
-15654
In base 13, what is -5 - 3432?
-3437
In base 14, what is 3aa45 + 8?
3aa4d
In base 16, what is -e03 + -79?
-e7c
In base 12, what is 4b - 315?
-286
In base 15, what is c6 - e7?
-21
In base 5, what is -1243444 + -42?
-1244041
In base 14, what is -11cd - -107?
-10c6
In base 3, what is -110011 - -11120001?
11002220
In base 3, what is -221222020 + -10?
-221222100
In base 15, what is -805 + 53b?
-2b9
In base 14, what is 49 + -264?
-219
In base 9, what is -571 - -6315?
5634
In base 12, what is -1746 - -51?
-16b5
In base 8, what is -2324 - -57?
-2245
In base 6, what is -431034432 + -1?
-431034433
In base 12, what is 196 - a?
188
In base 3, what is 2 - 1222100110?
-1222100101
In base 5, what is -422 + -22230?
-23202
In base 6, what is 40054021 + 2?
40054023
In base 3, what is 2012120000 - -10?
2012120010
In base 6, what is -513351 + -1?
-513352
In base 14, what is -c003 + -3?
-c006
In base 3, what is -2000001 + 1222?
-1221002
In base 2, what is -10111110 + -1010101011011?
-1011000011001
In base 10, what is 81 + 4805?
4886
In base 14, what is -16761 + -20?
-16781
In base 9, what is -501 + 1046?
445
In base 15, what is 5c2 + -910?
-33d